{"id":904,"date":"2024-05-13T21:39:28","date_gmt":"2024-05-13T18:39:28","guid":{"rendered":"https:\/\/www.eximsel.com\/?page_id=904"},"modified":"2024-05-13T22:29:47","modified_gmt":"2024-05-13T19:29:47","slug":"ambalaj-battaniyesi","status":"publish","type":"page","link":"https:\/\/www.eximsel.com\/index.php\/ana-sayfa\/urunlerimiz\/ambalaj-battaniyesi\/","title":{"rendered":"Ambalaj Battaniyesi"},"content":{"rendered":"\n<p>Ambalaj Battaniyesi, de\u011ferli e\u015fyalar\u0131n -\u00f6zellikle mobilyalar\u0131n- g\u00fcvenli bir \u015fekilde ta\u015f\u0131nmas\u0131n\u0131 sa\u011flayan \u00f6nemli bir ambalaj malzemesidir. Do\u011fru kullan\u0131ld\u0131\u011f\u0131nda e\u015fyalar\u0131n hasar g\u00f6rmesini \u00f6nler ve nakliye s\u00fcrecini daha g\u00fcvenli hale getirir.<\/p>\n\n\n\n<p>\u00dcr\u00fcn tamamen geri d\u00f6n\u00fc\u015f\u00fcm malzemelerden \u00fcretilmektedir. Elyaf haline getirilen geri d\u00f6n\u00fc\u015f\u00fcm malzemeler i\u011fneleme vas\u0131tas\u0131yla birle\u015ftirilir ve \u00fczerine diki\u015f yap\u0131larak ambalaj battaniyesi haline getirilir.<\/p>\n\n\n\n<p class=\"has-medium-font-size\"><strong>\u00d6zellikleri<\/strong><\/p>\n\n\n\n<p>Standart \u00fcr\u00fcn \u00f6l\u00e7\u00fcs\u00fc 1,5 m x 2,0 m \u015feklindedir. Talep halinde farkl\u0131 \u00fcr\u00fcn boyutlar\u0131 da \u00fcretilebilmektedir.<\/p>\n\n\n\n<p class=\"has-medium-font-size\"><strong>Paketleme<\/strong><\/p>\n\n\n\n<p>Standart \u00f6l\u00e7\u00fclerde \u00fcretilen ambalaj battaniyeleri 25&#8217;er adet olarak paketlenir. Paketler paletli veya paletsiz olarak sevk edilir.<\/p>\n\n\n\n<p class=\"has-medium-font-size\"><strong>\u00d6rnek G\u00f6rseller<\/strong><\/p>\n\n\n\n<figure class=\"wp-block-gallery has-nested-images columns-default is-cropped wp-block-gallery-1 is-layout-flex wp-block-gallery-is-layout-flex\">\n<figure class=\"wp-block-image size-large\"><img fetchpriority=\"high\" decoding=\"async\" width=\"1024\" height=\"576\" data-id=\"999\" src=\"https:\/\/www.eximsel.com\/wp-content\/uploads\/2024\/05\/Packing-Blanket-150x200_4_1024_576-rotated.jpg\" alt=\"\" class=\"wp-image-999\" srcset=\"https:\/\/www.eximsel.com\/wp-content\/uploads\/2024\/05\/Packing-Blanket-150x200_4_1024_576-rotated.jpg 1024w, https:\/\/www.eximsel.com\/wp-content\/uploads\/2024\/05\/Packing-Blanket-150x200_4_1024_576-300x169.jpg 300w, https:\/\/www.eximsel.com\/wp-content\/uploads\/2024\/05\/Packing-Blanket-150x200_4_1024_576-768x432.jpg 768w\" sizes=\"(max-width: 1024px) 100vw, 1024px\" \/><figcaption class=\"wp-element-caption\"><strong><strong>Ambalaj Battaniyesi<\/strong><br><strong>(1,5 m x 2,0 m)<\/strong><\/strong><\/figcaption><\/figure>\n\n\n\n<figure class=\"wp-block-image size-large\"><img decoding=\"async\" width=\"1024\" height=\"576\" data-id=\"998\" src=\"https:\/\/www.eximsel.com\/wp-content\/uploads\/2024\/05\/Packing-Blanket-Pack-of-25-pcs_4_1024_576-rotated.jpg\" alt=\"\" class=\"wp-image-998\" srcset=\"https:\/\/www.eximsel.com\/wp-content\/uploads\/2024\/05\/Packing-Blanket-Pack-of-25-pcs_4_1024_576-rotated.jpg 1024w, https:\/\/www.eximsel.com\/wp-content\/uploads\/2024\/05\/Packing-Blanket-Pack-of-25-pcs_4_1024_576-300x169.jpg 300w, https:\/\/www.eximsel.com\/wp-content\/uploads\/2024\/05\/Packing-Blanket-Pack-of-25-pcs_4_1024_576-768x432.jpg 768w\" sizes=\"(max-width: 1024px) 100vw, 1024px\" \/><figcaption class=\"wp-element-caption\"><strong><strong>Paketleme<\/strong><br><strong>(25 Adet)<\/strong><\/strong><\/figcaption><\/figure>\n<\/figure>\n\n\n\n<hr class=\"wp-block-separator has-alpha-channel-opacity\"\/>\n\n\n\n<figure class=\"wp-block-gallery has-nested-images columns-default is-cropped wp-block-gallery-2 is-layout-flex wp-block-gallery-is-layout-flex\">\n<figure class=\"wp-block-image size-large\"><img decoding=\"async\" width=\"644\" height=\"1024\" data-id=\"966\" src=\"https:\/\/www.eximsel.com\/wp-content\/uploads\/2024\/05\/Packing-Blanket-Stored_4_992_1577-644x1024.jpg\" alt=\"\" class=\"wp-image-966\" srcset=\"https:\/\/www.eximsel.com\/wp-content\/uploads\/2024\/05\/Packing-Blanket-Stored_4_992_1577-644x1024.jpg 644w, https:\/\/www.eximsel.com\/wp-content\/uploads\/2024\/05\/Packing-Blanket-Stored_4_992_1577-189x300.jpg 189w, https:\/\/www.eximsel.com\/wp-content\/uploads\/2024\/05\/Packing-Blanket-Stored_4_992_1577-768x1221.jpg 768w, https:\/\/www.eximsel.com\/wp-content\/uploads\/2024\/05\/Packing-Blanket-Stored_4_992_1577-966x1536.jpg 966w, https:\/\/www.eximsel.com\/wp-content\/uploads\/2024\/05\/Packing-Blanket-Stored_4_992_1577.jpg 992w\" sizes=\"(max-width: 644px) 100vw, 644px\" \/><figcaption class=\"wp-element-caption\"><strong>Paletsiz Sevkiyat<\/strong><\/figcaption><\/figure>\n\n\n\n<figure class=\"wp-block-image size-large\"><img loading=\"lazy\" decoding=\"async\" width=\"644\" height=\"1024\" data-id=\"961\" src=\"https:\/\/www.eximsel.com\/wp-content\/uploads\/2024\/05\/Packing-Blanket-On-pallet_4_992_1577-644x1024.jpg\" alt=\"\" class=\"wp-image-961\" srcset=\"https:\/\/www.eximsel.com\/wp-content\/uploads\/2024\/05\/Packing-Blanket-On-pallet_4_992_1577-644x1024.jpg 644w, https:\/\/www.eximsel.com\/wp-content\/uploads\/2024\/05\/Packing-Blanket-On-pallet_4_992_1577-189x300.jpg 189w, https:\/\/www.eximsel.com\/wp-content\/uploads\/2024\/05\/Packing-Blanket-On-pallet_4_992_1577-768x1221.jpg 768w, https:\/\/www.eximsel.com\/wp-content\/uploads\/2024\/05\/Packing-Blanket-On-pallet_4_992_1577-966x1536.jpg 966w, https:\/\/www.eximsel.com\/wp-content\/uploads\/2024\/05\/Packing-Blanket-On-pallet_4_992_1577.jpg 992w\" sizes=\"(max-width: 644px) 100vw, 644px\" \/><figcaption class=\"wp-element-caption\"><strong>Paletli Sevkiyat<\/strong><\/figcaption><\/figure>\n<\/figure>\n","protected":false},"excerpt":{"rendered":"<p>Ambalaj Battaniyesi, de\u011ferli e\u015fyalar\u0131n -\u00f6zellikle mobilyalar\u0131n- g\u00fcvenli bir \u015fekilde ta\u015f\u0131nmas\u0131n\u0131 sa\u011flayan \u00f6nemli bir ambalaj malzemesidir. Do\u011fru kullan\u0131ld\u0131\u011f\u0131nda e\u015fyalar\u0131n hasar g\u00f6rmesini \u00f6nler ve nakliye s\u00fcrecini daha g\u00fcvenli hale getirir. \u00dcr\u00fcn tamamen geri d\u00f6n\u00fc\u015f\u00fcm malzemelerden \u00fcretilmektedir. Elyaf haline getirilen geri d\u00f6n\u00fc\u015f\u00fcm malzemeler i\u011fneleme vas\u0131tas\u0131yla birle\u015ftirilir ve \u00fczerine diki\u015f yap\u0131larak ambalaj battaniyesi haline getirilir. \u00d6zellikleri Standart \u00fcr\u00fcn \u00f6l\u00e7\u00fcs\u00fc [&hellip;]<\/p>\n","protected":false},"author":1,"featured_media":0,"parent":724,"menu_order":1,"comment_status":"closed","ping_status":"closed","template":"full-width.php","meta":{"footnotes":""},"class_list":["post-904","page","type-page","status-publish","hentry"],"_links":{"self":[{"href":"https:\/\/www.eximsel.com\/index.php\/wp-json\/wp\/v2\/pages\/904","targetHints":{"allow":["GET"]}}],"collection":[{"href":"https:\/\/www.eximsel.com\/index.php\/wp-json\/wp\/v2\/pages"}],"about":[{"href":"https:\/\/www.eximsel.com\/index.php\/wp-json\/wp\/v2\/types\/page"}],"author":[{"embeddable":true,"href":"https:\/\/www.eximsel.com\/index.php\/wp-json\/wp\/v2\/users\/1"}],"replies":[{"embeddable":true,"href":"https:\/\/www.eximsel.com\/index.php\/wp-json\/wp\/v2\/comments?post=904"}],"version-history":[{"count":43,"href":"https:\/\/www.eximsel.com\/index.php\/wp-json\/wp\/v2\/pages\/904\/revisions"}],"predecessor-version":[{"id":1001,"href":"https:\/\/www.eximsel.com\/index.php\/wp-json\/wp\/v2\/pages\/904\/revisions\/1001"}],"up":[{"embeddable":true,"href":"https:\/\/www.eximsel.com\/index.php\/wp-json\/wp\/v2\/pages\/724"}],"wp:attachment":[{"href":"https:\/\/www.eximsel.com\/index.php\/wp-json\/wp\/v2\/media?parent=904"}],"curies":[{"name":"wp","href":"https:\/\/api.w.org\/{rel}","templated":true}]}}

<p>Ambalaj Battaniyesi, değerli eşyaların -özellikle mobilyaların- güvenli bir şekilde taşınmasını sağlayan önemli bir ambalaj malzemesidir. Doğru kullanıldığında eşyaların hasar görmesini önler ve nakliye sürecini daha güvenli hale getirir.</p>



<p>Ürün tamamen geri dönüşüm malzemelerden üretilmektedir. Elyaf haline getirilen geri dönüşüm malzemeler iğneleme vasıtasıyla birleştirilir ve üzerine dikiş yapılarak ambalaj battaniyesi haline getirilir.</p>



<p class="has-medium-font-size"><strong>Özellikleri</strong></p>



<p>Standart ürün ölçüsü 1,5 m x 2,0 m şeklindedir. Talep halinde farklı ürün boyutları da üretilebilmektedir.</p>



<p class="has-medium-font-size"><strong>Paketleme</strong></p>



<p>Standart ölçülerde üretilen ambalaj battaniyeleri 25&#8217;er adet olarak paketlenir. Paketler paletli veya paletsiz olarak sevk edilir.</p>



<p class="has-medium-font-size"><strong>Örnek Görseller</strong></p>



<figure class="wp-block-gallery has-nested-images columns-default is-cropped wp-block-gallery-1 is-layout-flex wp-block-gallery-is-layout-flex">
<figure class="wp-block-image size-large"><img fetchpriority="high" decoding="async" width="1024" height="576" data-id="999" src="https://www.eximsel.com/wp-content/uploads/2024/05/Packing-Blanket-150x200_4_1024_576-rotated.jpg" alt="" class="wp-image-999" srcset="https://www.eximsel.com/wp-content/uploads/2024/05/Packing-Blanket-150x200_4_1024_576-rotated.jpg 1024w, https://www.eximsel.com/wp-content/uploads/2024/05/Packing-Blanket-150x200_4_1024_576-300x169.jpg 300w, https://www.eximsel.com/wp-content/uploads/2024/05/Packing-Blanket-150x200_4_1024_576-768x432.jpg 768w" sizes="(max-width: 1024px) 100vw, 1024px" /><figcaption class="wp-element-caption"><strong><strong>Ambalaj Battaniyesi</strong><br><strong>(1,5 m x 2,0 m)</strong></strong></figcaption></figure>



<figure class="wp-block-image size-large"><img decoding="async" width="1024" height="576" data-id="998" src="https://www.eximsel.com/wp-content/uploads/2024/05/Packing-Blanket-Pack-of-25-pcs_4_1024_576-rotated.jpg" alt="" class="wp-image-998" srcset="https://www.eximsel.com/wp-content/uploads/2024/05/Packing-Blanket-Pack-of-25-pcs_4_1024_576-rotated.jpg 1024w, https://www.eximsel.com/wp-content/uploads/2024/05/Packing-Blanket-Pack-of-25-pcs_4_1024_576-300x169.jpg 300w, https://www.eximsel.com/wp-content/uploads/2024/05/Packing-Blanket-Pack-of-25-pcs_4_1024_576-768x432.jpg 768w" sizes="(max-width: 1024px) 100vw, 1024px" /><figcaption class="wp-element-caption"><strong><strong>Paketleme</strong><br><strong>(25 Adet)</strong></strong></figcaption></figure>
</figure>



<hr class="wp-block-separator has-alpha-channel-opacity"/>



<figure class="wp-block-gallery has-nested-images columns-default is-cropped wp-block-gallery-2 is-layout-flex wp-block-gallery-is-layout-flex">
<figure class="wp-block-image size-large"><img decoding="async" width="644" height="1024" data-id="966" src="https://www.eximsel.com/wp-content/uploads/2024/05/Packing-Blanket-Stored_4_992_1577-644x1024.jpg" alt="" class="wp-image-966" srcset="https://www.eximsel.com/wp-content/uploads/2024/05/Packing-Blanket-Stored_4_992_1577-644x1024.jpg 644w, https://www.eximsel.com/wp-content/uploads/2024/05/Packing-Blanket-Stored_4_992_1577-189x300.jpg 189w, https://www.eximsel.com/wp-content/uploads/2024/05/Packing-Blanket-Stored_4_992_1577-768x1221.jpg 768w, https://www.eximsel.com/wp-content/uploads/2024/05/Packing-Blanket-Stored_4_992_1577-966x1536.jpg 966w, https://www.eximsel.com/wp-content/uploads/2024/05/Packing-Blanket-Stored_4_992_1577.jpg 992w" sizes="(max-width: 644px) 100vw, 644px" /><figcaption class="wp-element-caption"><strong>Paletsiz Sevkiyat</strong></figcaption></figure>



<figure class="wp-block-image size-large"><img loading="lazy" decoding="async" width="644" height="1024" data-id="961" src="https://www.eximsel.com/wp-content/uploads/2024/05/Packing-Blanket-On-pallet_4_992_1577-644x1024.jpg" alt="" class="wp-image-961" srcset="https://www.eximsel.com/wp-content/uploads/2024/05/Packing-Blanket-On-pallet_4_992_1577-644x1024.jpg 644w, https://www.eximsel.com/wp-content/uploads/2024/05/Packing-Blanket-On-pallet_4_992_1577-189x300.jpg 189w, https://www.eximsel.com/wp-content/uploads/2024/05/Packing-Blanket-On-pallet_4_992_1577-768x1221.jpg 768w, https://www.eximsel.com/wp-content/uploads/2024/05/Packing-Blanket-On-pallet_4_992_1577-966x1536.jpg 966w, https://www.eximsel.com/wp-content/uploads/2024/05/Packing-Blanket-On-pallet_4_992_1577.jpg 992w" sizes="(max-width: 644px) 100vw, 644px" /><figcaption class="wp-element-caption"><strong>Paletli Sevkiyat</strong></figcaption></figure>
</figure>

<p>Ambalaj Battaniyesi, değerli eşyaların -özellikle mobilyaların- güvenli bir şekilde taşınmasını sağlayan önemli bir ambalaj malzemesidir. Doğru kullanıldığında eşyaların hasar görmesini önler ve nakliye sürecini daha güvenli hale getirir. Ürün tamamen geri dönüşüm malzemelerden üretilmektedir. Elyaf haline getirilen geri dönüşüm malzemeler iğneleme vasıtasıyla birleştirilir ve üzerine dikiş yapılarak ambalaj battaniyesi haline getirilir. Özellikleri Standart ürün ölçüsü [&hellip;]</p>
