{"id":638,"date":"2020-04-15T00:03:16","date_gmt":"2020-04-14T21:03:16","guid":{"rendered":"http:\/\/www.eximsel.com\/?page_id=638"},"modified":"2024-05-13T21:11:46","modified_gmt":"2024-05-13T18:11:46","slug":"civi-ve-teller","status":"publish","type":"page","link":"https:\/\/www.eximsel.com\/index.php\/ana-sayfa\/urunlerimiz\/civi-ve-teller\/","title":{"rendered":"\u00c7iviler ve Teller"},"content":{"rendered":"\n<p>\u0130n\u015faat malzemelerinin temel unsurlar\u0131ndan olan \u00e7ivi ve teller konusunda kaliteli ve geni\u015f \u00fcr\u00fcn yelpazemizle hizmetinizdeyiz.<\/p>\n\n\n\n<p class=\"has-medium-font-size\"><strong>\u00dcr\u00fcnlerimiz<\/strong><\/p>\n\n\n\n<p class=\"has-medium-font-size\"><strong><a href=\"https:\/\/www.eximsel.com\/index.php\/civi-ve-teller\/civiler\/\" data-type=\"link\" data-id=\"https:\/\/www.eximsel.com\/index.php\/civi-ve-teller\/civiler\/\">\u00c7iviler<\/a><\/strong><\/p>\n\n\n\n<ul class=\"wp-block-list\">\n<li>\u0130n\u015faat \u00c7ivisi;<\/li>\n\n\n\n<li>Tel \u00c7ivi;<\/li>\n\n\n\n<li>Sar\u0131 Tel \u00c7ivi;<\/li>\n\n\n\n<li>Palet \u00c7ivisi.<\/li>\n<\/ul>\n\n\n\n<p class=\"has-medium-font-size\"><strong><a href=\"https:\/\/www.eximsel.com\/index.php\/civi-ve-teller\/tavlanmis-teller\/\" data-type=\"link\" data-id=\"https:\/\/www.eximsel.com\/index.php\/civi-ve-teller\/tavlanmis-teller\/\">Tavlanm\u0131\u015f Teller<\/a><\/strong><\/p>\n\n\n\n<ul class=\"wp-block-list\">\n<li>Tavl\u0131 Tel;<\/li>\n\n\n\n<li>Kal\u0131n Tavl\u0131 Tel;<\/li>\n\n\n\n<li>Ara Tavl\u0131 Tel;<\/li>\n\n\n\n<li>Ya\u011fl\u0131 Tel;<\/li>\n\n\n\n<li>\u00c7ubuk Tel.<\/li>\n<\/ul>\n\n\n\n<p class=\"has-medium-font-size\"><strong><a href=\"https:\/\/www.eximsel.com\/index.php\/civi-ve-teller\/galvaniz-teller\/\" data-type=\"link\" data-id=\"https:\/\/www.eximsel.com\/index.php\/civi-ve-teller\/galvaniz-teller\/\">Galvaniz Teller<\/a><\/strong><\/p>\n\n\n\n<ul class=\"wp-block-list\">\n<li>Galvaniz Tel;<\/li>\n\n\n\n<li>Dikenli Tel;<\/li>\n\n\n\n<li>PVC Tel;<\/li>\n\n\n\n<li>Helezon Tel.<\/li>\n<\/ul>\n\n\n\n<p class=\"has-medium-font-size\"><strong><a href=\"https:\/\/www.eximsel.com\/index.php\/civi-ve-teller\/naylon-teller\/\" data-type=\"link\" data-id=\"https:\/\/www.eximsel.com\/index.php\/civi-ve-teller\/naylon-teller\/\">Naylon Teller<\/a><\/strong><\/p>\n\n\n\n<ul class=\"wp-block-list\">\n<li>Sinek Teli;<\/li>\n\n\n\n<li>Ar\u0131 Teli;<\/li>\n\n\n\n<li>Elek Teli;<\/li>\n\n\n\n<li>Kalbur Teli.<\/li>\n<\/ul>\n\n\n\n<p class=\"has-medium-font-size\"><strong>\u00d6rnek G\u00f6rseller<\/strong><\/p>\n\n\n\n<figure class=\"wp-block-gallery has-nested-images columns-default is-cropped wp-block-gallery-1 is-layout-flex wp-block-gallery-is-layout-flex\">\n<figure class=\"wp-block-image size-large\"><img fetchpriority=\"high\" decoding=\"async\" width=\"624\" height=\"345\" data-id=\"664\" src=\"https:\/\/www.eximsel.com\/wp-content\/uploads\/2020\/04\/01_palet_civisi_1.gif\" alt=\"\" class=\"wp-image-664\"\/><figcaption class=\"wp-element-caption\"><strong>Palet \u00c7ivisi<\/strong><\/figcaption><\/figure>\n\n\n\n<figure class=\"wp-block-image size-large\"><img decoding=\"async\" width=\"624\" height=\"345\" data-id=\"666\" src=\"https:\/\/www.eximsel.com\/wp-content\/uploads\/2020\/04\/01_Sari_tel_civi_1.gif\" alt=\"\" class=\"wp-image-666\"\/><figcaption class=\"wp-element-caption\"><strong>Sar\u0131 Tel \u00c7ivi<\/strong><\/figcaption><\/figure>\n\n\n\n<figure class=\"wp-block-image size-large\"><img decoding=\"async\" width=\"624\" height=\"345\" data-id=\"668\" src=\"https:\/\/www.eximsel.com\/wp-content\/uploads\/2020\/04\/01_Tel_civi_1.gif\" alt=\"\" class=\"wp-image-668\"\/><figcaption class=\"wp-element-caption\"><strong>Tel \u00c7ivi<\/strong><\/figcaption><\/figure>\n\n\n\n<figure class=\"wp-block-image size-large\"><img loading=\"lazy\" decoding=\"async\" width=\"624\" height=\"345\" data-id=\"661\" src=\"https:\/\/www.eximsel.com\/wp-content\/uploads\/2020\/04\/01_Insaat_civisi_1.gif\" alt=\"\" class=\"wp-image-661\"\/><figcaption class=\"wp-element-caption\"><strong>\u0130n\u015faat \u00c7ivisi<\/strong><\/figcaption><\/figure>\n\n\n\n<figure class=\"wp-block-image size-large\"><img loading=\"lazy\" decoding=\"async\" width=\"624\" height=\"345\" data-id=\"662\" src=\"https:\/\/www.eximsel.com\/wp-content\/uploads\/2020\/04\/01_Insaat_civisi_2.gif\" alt=\"\" class=\"wp-image-662\"\/><figcaption class=\"wp-element-caption\"><strong>\u0130n\u015faat \u00c7ivisi<\/strong><\/figcaption><\/figure>\n<\/figure>\n\n\n\n<p class=\"has-text-align-center has-medium-font-size\"><strong>\u00c7iviler<\/strong><\/p>\n\n\n\n<hr class=\"wp-block-separator has-css-opacity\"\/>\n\n\n\n<figure class=\"wp-block-gallery has-nested-images columns-default is-cropped wp-block-gallery-2 is-layout-flex wp-block-gallery-is-layout-flex\">\n<figure class=\"wp-block-image size-large\"><img loading=\"lazy\" decoding=\"async\" width=\"1024\" height=\"683\" data-id=\"640\" src=\"https:\/\/www.eximsel.com\/wp-content\/uploads\/2020\/04\/Dikenli-Tel-1024x683.jpeg\" alt=\"\" class=\"wp-image-640\" srcset=\"https:\/\/www.eximsel.com\/wp-content\/uploads\/2020\/04\/Dikenli-Tel-1024x683.jpeg 1024w, https:\/\/www.eximsel.com\/wp-content\/uploads\/2020\/04\/Dikenli-Tel-300x200.jpeg 300w, https:\/\/www.eximsel.com\/wp-content\/uploads\/2020\/04\/Dikenli-Tel-768x512.jpeg 768w, https:\/\/www.eximsel.com\/wp-content\/uploads\/2020\/04\/Dikenli-Tel-600x400.jpeg 600w, https:\/\/www.eximsel.com\/wp-content\/uploads\/2020\/04\/Dikenli-Tel.jpeg 1035w\" sizes=\"(max-width: 1024px) 100vw, 1024px\" \/><figcaption class=\"wp-element-caption\"><strong>Dikenli Teller<\/strong><\/figcaption><\/figure>\n\n\n\n<figure class=\"wp-block-image size-large\"><img loading=\"lazy\" decoding=\"async\" width=\"1024\" height=\"683\" data-id=\"641\" src=\"https:\/\/www.eximsel.com\/wp-content\/uploads\/2020\/04\/Galvaniz-Tel-1024x683.jpeg\" alt=\"\" class=\"wp-image-641\" srcset=\"https:\/\/www.eximsel.com\/wp-content\/uploads\/2020\/04\/Galvaniz-Tel-1024x683.jpeg 1024w, https:\/\/www.eximsel.com\/wp-content\/uploads\/2020\/04\/Galvaniz-Tel-300x200.jpeg 300w, https:\/\/www.eximsel.com\/wp-content\/uploads\/2020\/04\/Galvaniz-Tel-768x512.jpeg 768w, https:\/\/www.eximsel.com\/wp-content\/uploads\/2020\/04\/Galvaniz-Tel-600x400.jpeg 600w, https:\/\/www.eximsel.com\/wp-content\/uploads\/2020\/04\/Galvaniz-Tel.jpeg 1035w\" sizes=\"(max-width: 1024px) 100vw, 1024px\" \/><figcaption class=\"wp-element-caption\"><strong>Galvaniz Teller<\/strong><\/figcaption><\/figure>\n\n\n\n<figure class=\"wp-block-image size-large\"><img loading=\"lazy\" decoding=\"async\" width=\"934\" height=\"620\" data-id=\"643\" src=\"https:\/\/www.eximsel.com\/wp-content\/uploads\/2020\/04\/Tavl\u0131-Tel.jpeg\" alt=\"\" class=\"wp-image-643\" srcset=\"https:\/\/www.eximsel.com\/wp-content\/uploads\/2020\/04\/Tavl\u0131-Tel.jpeg 934w, https:\/\/www.eximsel.com\/wp-content\/uploads\/2020\/04\/Tavl\u0131-Tel-300x199.jpeg 300w, https:\/\/www.eximsel.com\/wp-content\/uploads\/2020\/04\/Tavl\u0131-Tel-768x510.jpeg 768w, https:\/\/www.eximsel.com\/wp-content\/uploads\/2020\/04\/Tavl\u0131-Tel-600x398.jpeg 600w\" sizes=\"(max-width: 934px) 100vw, 934px\" \/><figcaption class=\"wp-element-caption\"><strong>Tavl\u0131 Teller<\/strong><\/figcaption><\/figure>\n\n\n\n<figure class=\"wp-block-image size-large\"><img loading=\"lazy\" decoding=\"async\" width=\"934\" height=\"620\" data-id=\"644\" src=\"https:\/\/www.eximsel.com\/wp-content\/uploads\/2020\/04\/Ya\u011fl\u0131-Tel.jpeg\" alt=\"\" class=\"wp-image-644\" srcset=\"https:\/\/www.eximsel.com\/wp-content\/uploads\/2020\/04\/Ya\u011fl\u0131-Tel.jpeg 934w, https:\/\/www.eximsel.com\/wp-content\/uploads\/2020\/04\/Ya\u011fl\u0131-Tel-300x199.jpeg 300w, https:\/\/www.eximsel.com\/wp-content\/uploads\/2020\/04\/Ya\u011fl\u0131-Tel-768x510.jpeg 768w, https:\/\/www.eximsel.com\/wp-content\/uploads\/2020\/04\/Ya\u011fl\u0131-Tel-600x398.jpeg 600w\" sizes=\"(max-width: 934px) 100vw, 934px\" \/><figcaption class=\"wp-element-caption\"><strong>Ya\u011fl\u0131 Teller<\/strong><\/figcaption><\/figure>\n\n\n\n<figure class=\"wp-block-image size-large\"><img loading=\"lazy\" decoding=\"async\" width=\"1024\" height=\"683\" data-id=\"642\" src=\"https:\/\/www.eximsel.com\/wp-content\/uploads\/2020\/04\/PVC-Tel-1024x683.jpeg\" alt=\"\" class=\"wp-image-642\" srcset=\"https:\/\/www.eximsel.com\/wp-content\/uploads\/2020\/04\/PVC-Tel-1024x683.jpeg 1024w, https:\/\/www.eximsel.com\/wp-content\/uploads\/2020\/04\/PVC-Tel-300x200.jpeg 300w, https:\/\/www.eximsel.com\/wp-content\/uploads\/2020\/04\/PVC-Tel-768x512.jpeg 768w, https:\/\/www.eximsel.com\/wp-content\/uploads\/2020\/04\/PVC-Tel-600x400.jpeg 600w, https:\/\/www.eximsel.com\/wp-content\/uploads\/2020\/04\/PVC-Tel.jpeg 1035w\" sizes=\"(max-width: 1024px) 100vw, 1024px\" \/><figcaption class=\"wp-element-caption\"><strong><mark style=\"background-color:rgba(0, 0, 0, 0)\" class=\"has-inline-color has-black-color\">PVC Teller<\/mark><\/strong><\/figcaption><\/figure>\n<\/figure>\n\n\n\n<p class=\"has-text-align-center has-medium-font-size\"><strong>Teller<\/strong><\/p>\n","protected":false},"excerpt":{"rendered":"<p>\u0130n\u015faat malzemelerinin temel unsurlar\u0131ndan olan \u00e7ivi ve teller konusunda kaliteli ve geni\u015f \u00fcr\u00fcn yelpazemizle hizmetinizdeyiz. \u00dcr\u00fcnlerimiz \u00c7iviler Tavlanm\u0131\u015f Teller Galvaniz Teller Naylon Teller \u00d6rnek G\u00f6rseller \u00c7iviler Teller<\/p>\n","protected":false},"author":1,"featured_media":0,"parent":724,"menu_order":4,"comment_status":"closed","ping_status":"closed","template":"full-width.php","meta":{"footnotes":""},"class_list":["post-638","page","type-page","status-publish","hentry"],"_links":{"self":[{"href":"https:\/\/www.eximsel.com\/index.php\/wp-json\/wp\/v2\/pages\/638","targetHints":{"allow":["GET"]}}],"collection":[{"href":"https:\/\/www.eximsel.com\/index.php\/wp-json\/wp\/v2\/pages"}],"about":[{"href":"https:\/\/www.eximsel.com\/index.php\/wp-json\/wp\/v2\/types\/page"}],"author":[{"embeddable":true,"href":"https:\/\/www.eximsel.com\/index.php\/wp-json\/wp\/v2\/users\/1"}],"replies":[{"embeddable":true,"href":"https:\/\/www.eximsel.com\/index.php\/wp-json\/wp\/v2\/comments?post=638"}],"version-history":[{"count":19,"href":"https:\/\/www.eximsel.com\/index.php\/wp-json\/wp\/v2\/pages\/638\/revisions"}],"predecessor-version":[{"id":902,"href":"https:\/\/www.eximsel.com\/index.php\/wp-json\/wp\/v2\/pages\/638\/revisions\/902"}],"up":[{"embeddable":true,"href":"https:\/\/www.eximsel.com\/index.php\/wp-json\/wp\/v2\/pages\/724"}],"wp:attachment":[{"href":"https:\/\/www.eximsel.com\/index.php\/wp-json\/wp\/v2\/media?parent=638"}],"curies":[{"name":"wp","href":"https:\/\/api.w.org\/{rel}","templated":true}]}}